{"id":2972,"date":"2024-09-07T15:01:04","date_gmt":"2024-09-07T08:01:04","guid":{"rendered":"https:\/\/vns.hcmussh.edu.vn\/?page_id=2972"},"modified":"2026-04-06T09:18:43","modified_gmt":"2026-04-06T02:18:43","slug":"khoa-hoc-ky-nang-nghe-noi","status":"publish","type":"page","link":"https:\/\/vns.hcmussh.edu.vn\/index.php\/vi\/khoa-hoc-ky-nang-nghe-noi\/","title":{"rendered":"KH\u00d3A H\u1eccC K\u1ef8 N\u0102NG NGHE &#8211; N\u00d3I"},"content":{"rendered":"\t\t<div data-elementor-type=\"wp-page\" data-elementor-id=\"2972\" class=\"elementor elementor-2972\" data-elementor-post-type=\"page\">\n\t\t\t\t\t\t<section class=\"elementor-section elementor-top-section elementor-element elementor-element-846d418 elementor-section-boxed elementor-section-height-default elementor-section-height-default wpr-particle-no wpr-jarallax-no wpr-parallax-no wpr-sticky-section-no\" data-id=\"846d418\" data-element_type=\"section\">\n\t\t\t\t\t\t<div class=\"elementor-container elementor-column-gap-default\">\n\t\t\t\t\t<div class=\"elementor-column elementor-col-100 elementor-top-column elementor-element elementor-element-ac384b9\" data-id=\"ac384b9\" data-element_type=\"column\">\n\t\t\t<div class=\"elementor-widget-wrap elementor-element-populated\">\n\t\t\t\t\t\t<section class=\"elementor-section elementor-inner-section elementor-element elementor-element-5f4df3b elementor-section-boxed elementor-section-height-default elementor-section-height-default wpr-particle-no wpr-jarallax-no wpr-parallax-no wpr-sticky-section-no\" data-id=\"5f4df3b\" data-element_type=\"section\">\n\t\t\t\t\t\t<div class=\"elementor-container elementor-column-gap-default\">\n\t\t\t\t\t<div class=\"elementor-column elementor-col-100 elementor-inner-column elementor-element elementor-element-087b49f\" data-id=\"087b49f\" data-element_type=\"column\">\n\t\t\t<div class=\"elementor-widget-wrap elementor-element-populated\">\n\t\t\t\t\t\t<div class=\"elementor-element elementor-element-d38e00a elementor-widget elementor-widget-text-editor\" data-id=\"d38e00a\" data-element_type=\"widget\" data-widget_type=\"text-editor.default\">\n\t\t\t\t<div class=\"elementor-widget-container\">\n\t\t\t\t\t\t\t<h4 style=\"text-align: center;\"><strong>KH\u00d3A H\u1eccC K\u1ef8 N\u0102NG NGHE &#8211; N\u00d3I<\/strong><\/h4><p>B\u1ea1n \u0111\u00e3 s\u1eb5n s\u00e0ng n\u00e2ng cao kh\u1ea3 n\u0103ng giao ti\u1ebfp ti\u1ebfng Vi\u1ec7t c\u1ee7a m\u00ecnh ch\u01b0a? <strong>Kh\u00f3a h\u1ecdc K\u1ef9 N\u0103ng Nghe &#8211; N\u00f3i<\/strong> \u0111\u01b0\u1ee3c thi\u1ebft k\u1ebf d\u00e0nh cho c\u00e1c h\u1ecdc vi\u00ean \u0111\u00e3 ho\u00e0n th\u00e0nh \u00edt nh\u1ea5t tr\u00ecnh \u0111\u1ed9 E1 v\u00e0 mong mu\u1ed1n c\u1ea3i thi\u1ec7n kh\u1ea3 n\u0103ng giao ti\u1ebfp.<\/p><p>Kh\u00f3a h\u1ecdc n\u00e0y s\u1ebd gi\u00fap b\u1ea1n t\u1ef1 tin giao ti\u1ebfp b\u1eb1ng ti\u1ebfng Vi\u1ec7t, t\u1eadp trung v\u00e0o c\u00e1c k\u1ef9 n\u0103ng nghe v\u00e0 n\u00f3i qua c\u00e1c ch\u1ee7 \u0111\u1ec1 th\u1ef1c ti\u1ec5n. T\u1eeb nh\u1eefng cu\u1ed9c tr\u00f2 chuy\u1ec7n h\u00e0ng ng\u00e0y \u0111\u1ebfn c\u00e1c t\u00ecnh hu\u1ed1ng giao ti\u1ebfp trang tr\u1ecdng h\u01a1n, b\u1ea1n s\u1ebd n\u1eafm v\u1eefng c\u00e1ch di\u1ec5n \u0111\u1ea1t m\u1ed9t c\u00e1ch r\u00f5 r\u00e0ng v\u00e0 t\u1ef1 nhi\u00ean.<\/p><p>D\u01b0\u1edbi s\u1ef1 h\u01b0\u1edbng d\u1eabn c\u1ee7a c\u00e1c gi\u1ea3ng vi\u00ean gi\u00e0u kinh nghi\u1ec7m, kh\u00f3a h\u1ecdc mang \u0111\u1ebfn m\u00f4i tr\u01b0\u1eddng h\u1ecdc t\u1eadp s\u00f4i n\u1ed5i v\u00e0 t\u01b0\u01a1ng t\u00e1c, n\u01a1i b\u1ea1n c\u00f3 th\u1ec3 th\u1ef1c h\u00e0nh c\u00f9ng b\u1ea1n h\u1ecdc, nh\u1eadn ph\u1ea3n h\u1ed3i c\u00e1 nh\u00e2n, v\u00e0 c\u1ee7ng c\u1ed1 k\u1ef9 n\u0103ng giao ti\u1ebfp trong c\u00e1c t\u00ecnh hu\u1ed1ng th\u1ef1c t\u1ebf.<\/p><p>H\u00e3y tham gia ngay \u0111\u1ec3 n\u00e2ng cao tr\u00ecnh \u0111\u1ed9 ti\u1ebfng Vi\u1ec7t c\u1ee7a b\u1ea1n v\u00e0 t\u1ef1 tin h\u01a1n trong giao ti\u1ebfp!<\/p><p><img decoding=\"async\" class=\"emoji\" role=\"img\" draggable=\"false\" src=\"https:\/\/s.w.org\/images\/core\/emoji\/15.0.3\/svg\/1f4de.svg\" alt=\"\ud83d\udcde\" \/> Contact: 028-38225009<br \/><img decoding=\"async\" class=\"emoji\" role=\"img\" draggable=\"false\" src=\"https:\/\/s.w.org\/images\/core\/emoji\/15.0.3\/svg\/1f4e7.svg\" alt=\"\ud83d\udce7\" \/> Email: vns.tttv@hcmussh.edu.vn<br \/><img decoding=\"async\" class=\"emoji\" role=\"img\" draggable=\"false\" src=\"https:\/\/s.w.org\/images\/core\/emoji\/15.0.3\/svg\/1f4cd.svg\" alt=\"\ud83d\udccd\" \/> Address: Ph\u00f2ng C002, 10-12 \u0110inh Ti\u00ean Ho\u00e0ng, P. S\u00e0i G\u00f2n (P. B\u1ebfn Ngh\u00e9, Q.1 c\u0169), TP.HCM<\/p>\t\t\t\t\t\t<\/div>\n\t\t\t\t<\/div>\n\t\t\t\t<div class=\"elementor-element elementor-element-1dad4ae elementor-widget elementor-widget-pdfjs-viewer\" data-id=\"1dad4ae\" data-element_type=\"widget\" data-widget_type=\"pdfjs-viewer.default\">\n\t\t\t\t<div class=\"elementor-widget-container\">\n\t\t\t<iframe width=\"\" height=\"700\" src=\"https:\/\/vns.hcmussh.edu.vn\/wp-content\/plugins\/pdfjs-viewer-for-elementor\/\/assets\/js\/pdfjs\/web\/viewer.html?file=https:\/\/vns.hcmussh.edu.vn\/wp-content\/uploads\/2026\/04\/M381-NN1.pdf\"><\/iframe>\t\t<\/div>\n\t\t\t\t<\/div>\n\t\t\t\t<div class=\"elementor-element elementor-element-19da0ee elementor-widget elementor-widget-pdfjs-viewer\" data-id=\"19da0ee\" data-element_type=\"widget\" data-widget_type=\"pdfjs-viewer.default\">\n\t\t\t\t<div class=\"elementor-widget-container\">\n\t\t\t<iframe width=\"\" height=\"700\" src=\"https:\/\/vns.hcmussh.edu.vn\/wp-content\/plugins\/pdfjs-viewer-for-elementor\/\/assets\/js\/pdfjs\/web\/viewer.html?file=https:\/\/vns.hcmussh.edu.vn\/wp-content\/uploads\/2026\/04\/M380-NN1.pdf\"><\/iframe>\t\t<\/div>\n\t\t\t\t<\/div>\n\t\t\t\t<div class=\"elementor-element elementor-element-0510368 elementor-widget elementor-widget-pdfjs-viewer\" data-id=\"0510368\" data-element_type=\"widget\" data-widget_type=\"pdfjs-viewer.default\">\n\t\t\t\t<div class=\"elementor-widget-container\">\n\t\t\t<iframe width=\"\" height=\"700\" src=\"https:\/\/vns.hcmussh.edu.vn\/wp-content\/plugins\/pdfjs-viewer-for-elementor\/\/assets\/js\/pdfjs\/web\/viewer.html?file=https:\/\/vns.hcmussh.edu.vn\/wp-content\/uploads\/2026\/04\/M379-NN1.pdf\"><\/iframe>\t\t<\/div>\n\t\t\t\t<\/div>\n\t\t\t\t<div class=\"elementor-element elementor-element-1774732 elementor-widget elementor-widget-pdfjs-viewer\" data-id=\"1774732\" data-element_type=\"widget\" data-widget_type=\"pdfjs-viewer.default\">\n\t\t\t\t<div class=\"elementor-widget-container\">\n\t\t\t<iframe width=\"\" height=\"700\" src=\"https:\/\/vns.hcmussh.edu.vn\/wp-content\/plugins\/pdfjs-viewer-for-elementor\/\/assets\/js\/pdfjs\/web\/viewer.html?file=https:\/\/vns.hcmussh.edu.vn\/wp-content\/uploads\/2025\/12\/M378-NN1.pdf\"><\/iframe>\t\t<\/div>\n\t\t\t\t<\/div>\n\t\t\t\t<div class=\"elementor-element elementor-element-f96443b elementor-widget elementor-widget-pdfjs-viewer\" data-id=\"f96443b\" data-element_type=\"widget\" data-widget_type=\"pdfjs-viewer.default\">\n\t\t\t\t<div class=\"elementor-widget-container\">\n\t\t\t<iframe width=\"\" height=\"700\" src=\"https:\/\/vns.hcmussh.edu.vn\/wp-content\/plugins\/pdfjs-viewer-for-elementor\/\/assets\/js\/pdfjs\/web\/viewer.html?file=https:\/\/vns.hcmussh.edu.vn\/wp-content\/uploads\/2025\/12\/M377-NN1.pdf\"><\/iframe>\t\t<\/div>\n\t\t\t\t<\/div>\n\t\t\t\t<div class=\"elementor-element elementor-element-0221571 elementor-widget elementor-widget-pdfjs-viewer\" data-id=\"0221571\" data-element_type=\"widget\" data-widget_type=\"pdfjs-viewer.default\">\n\t\t\t\t<div class=\"elementor-widget-container\">\n\t\t\t<iframe width=\"\" height=\"700\" src=\"https:\/\/vns.hcmussh.edu.vn\/wp-content\/plugins\/pdfjs-viewer-for-elementor\/\/assets\/js\/pdfjs\/web\/viewer.html?file=https:\/\/vns.hcmussh.edu.vn\/wp-content\/uploads\/2025\/11\/M376-NN1.pdf\"><\/iframe>\t\t<\/div>\n\t\t\t\t<\/div>\n\t\t\t\t<div class=\"elementor-element elementor-element-10ead95 elementor-widget elementor-widget-pdfjs-viewer\" data-id=\"10ead95\" data-element_type=\"widget\" data-widget_type=\"pdfjs-viewer.default\">\n\t\t\t\t<div class=\"elementor-widget-container\">\n\t\t\t<iframe width=\"\" height=\"700\" src=\"https:\/\/vns.hcmussh.edu.vn\/wp-content\/plugins\/pdfjs-viewer-for-elementor\/\/assets\/js\/pdfjs\/web\/viewer.html?file=https:\/\/vns.hcmussh.edu.vn\/wp-content\/uploads\/2025\/09\/M375-NN1.pdf\"><\/iframe>\t\t<\/div>\n\t\t\t\t<\/div>\n\t\t\t\t<div class=\"elementor-element elementor-element-cd636f8 elementor-widget elementor-widget-pdfjs-viewer\" data-id=\"cd636f8\" data-element_type=\"widget\" data-widget_type=\"pdfjs-viewer.default\">\n\t\t\t\t<div class=\"elementor-widget-container\">\n\t\t\t<iframe width=\"\" height=\"700\" src=\"https:\/\/vns.hcmussh.edu.vn\/wp-content\/plugins\/pdfjs-viewer-for-elementor\/\/assets\/js\/pdfjs\/web\/viewer.html?file=https:\/\/vns.hcmussh.edu.vn\/wp-content\/uploads\/2025\/08\/M374-NN1.pdf\"><\/iframe>\t\t<\/div>\n\t\t\t\t<\/div>\n\t\t\t\t<div class=\"elementor-element elementor-element-d8f17b5 elementor-widget elementor-widget-pdfjs-viewer\" data-id=\"d8f17b5\" data-element_type=\"widget\" data-widget_type=\"pdfjs-viewer.default\">\n\t\t\t\t<div class=\"elementor-widget-container\">\n\t\t\t<iframe width=\"\" height=\"700\" src=\"https:\/\/vns.hcmussh.edu.vn\/wp-content\/plugins\/pdfjs-viewer-for-elementor\/\/assets\/js\/pdfjs\/web\/viewer.html?file=https:\/\/vns.hcmussh.edu.vn\/wp-content\/uploads\/2025\/08\/M373-NN1.pdf\"><\/iframe>\t\t<\/div>\n\t\t\t\t<\/div>\n\t\t\t\t<div class=\"elementor-element elementor-element-5ef3f9f elementor-widget elementor-widget-pdfjs-viewer\" data-id=\"5ef3f9f\" data-element_type=\"widget\" data-widget_type=\"pdfjs-viewer.default\">\n\t\t\t\t<div class=\"elementor-widget-container\">\n\t\t\t<iframe width=\"\" height=\"700\" src=\"https:\/\/vns.hcmussh.edu.vn\/wp-content\/plugins\/pdfjs-viewer-for-elementor\/\/assets\/js\/pdfjs\/web\/viewer.html?file=https:\/\/vns.hcmussh.edu.vn\/wp-content\/uploads\/2025\/05\/M372-NN1.pdf\"><\/iframe>\t\t<\/div>\n\t\t\t\t<\/div>\n\t\t\t\t<div class=\"elementor-element elementor-element-d21beeb elementor-widget elementor-widget-pdfjs-viewer\" data-id=\"d21beeb\" data-element_type=\"widget\" data-widget_type=\"pdfjs-viewer.default\">\n\t\t\t\t<div class=\"elementor-widget-container\">\n\t\t\t<iframe width=\"\" height=\"700\" src=\"https:\/\/vns.hcmussh.edu.vn\/wp-content\/plugins\/pdfjs-viewer-for-elementor\/\/assets\/js\/pdfjs\/web\/viewer.html?file=https:\/\/vns.hcmussh.edu.vn\/wp-content\/uploads\/2025\/05\/M371-NN1.pdf\"><\/iframe>\t\t<\/div>\n\t\t\t\t<\/div>\n\t\t\t\t<div class=\"elementor-element elementor-element-7d4c2ec elementor-widget elementor-widget-pdfjs-viewer\" data-id=\"7d4c2ec\" data-element_type=\"widget\" data-widget_type=\"pdfjs-viewer.default\">\n\t\t\t\t<div class=\"elementor-widget-container\">\n\t\t\t<iframe width=\"\" height=\"700\" src=\"https:\/\/vns.hcmussh.edu.vn\/wp-content\/plugins\/pdfjs-viewer-for-elementor\/\/assets\/js\/pdfjs\/web\/viewer.html?file=https:\/\/vns.hcmussh.edu.vn\/wp-content\/uploads\/2025\/04\/M370-NN1.pdf\"><\/iframe>\t\t<\/div>\n\t\t\t\t<\/div>\n\t\t\t\t<div class=\"elementor-element elementor-element-ab2ccde elementor-widget elementor-widget-pdfjs-viewer\" data-id=\"ab2ccde\" data-element_type=\"widget\" data-widget_type=\"pdfjs-viewer.default\">\n\t\t\t\t<div class=\"elementor-widget-container\">\n\t\t\t<iframe width=\"\" height=\"700\" src=\"https:\/\/vns.hcmussh.edu.vn\/wp-content\/plugins\/pdfjs-viewer-for-elementor\/\/assets\/js\/pdfjs\/web\/viewer.html?file=https:\/\/vns.hcmussh.edu.vn\/wp-content\/uploads\/2025\/03\/M369-NN1.pdf\"><\/iframe>\t\t<\/div>\n\t\t\t\t<\/div>\n\t\t\t\t<div class=\"elementor-element elementor-element-1d8b2c5 elementor-widget elementor-widget-pdfjs-viewer\" data-id=\"1d8b2c5\" data-element_type=\"widget\" data-widget_type=\"pdfjs-viewer.default\">\n\t\t\t\t<div class=\"elementor-widget-container\">\n\t\t\t<iframe width=\"\" height=\"700\" src=\"https:\/\/vns.hcmussh.edu.vn\/wp-content\/plugins\/pdfjs-viewer-for-elementor\/\/assets\/js\/pdfjs\/web\/viewer.html?file=https:\/\/vns.hcmussh.edu.vn\/wp-content\/uploads\/2025\/03\/M368-NN1.pdf\"><\/iframe>\t\t<\/div>\n\t\t\t\t<\/div>\n\t\t\t\t<div class=\"elementor-element elementor-element-e4bcbd0 elementor-widget elementor-widget-pdfjs-viewer\" data-id=\"e4bcbd0\" data-element_type=\"widget\" data-widget_type=\"pdfjs-viewer.default\">\n\t\t\t\t<div class=\"elementor-widget-container\">\n\t\t\t<iframe width=\"\" height=\"700\" src=\"https:\/\/vns.hcmussh.edu.vn\/wp-content\/plugins\/pdfjs-viewer-for-elementor\/\/assets\/js\/pdfjs\/web\/viewer.html?file=https:\/\/vns.hcmussh.edu.vn\/wp-content\/uploads\/2024\/12\/M367-NN1.pdf\"><\/iframe>\t\t<\/div>\n\t\t\t\t<\/div>\n\t\t\t\t<div class=\"elementor-element elementor-element-252582b elementor-widget elementor-widget-pdfjs-viewer\" data-id=\"252582b\" data-element_type=\"widget\" data-widget_type=\"pdfjs-viewer.default\">\n\t\t\t\t<div class=\"elementor-widget-container\">\n\t\t\t<iframe width=\"\" height=\"700\" src=\"https:\/\/vns.hcmussh.edu.vn\/wp-content\/plugins\/pdfjs-viewer-for-elementor\/\/assets\/js\/pdfjs\/web\/viewer.html?file=https:\/\/vns.hcmussh.edu.vn\/wp-content\/uploads\/2024\/12\/M366-NN1.pdf\"><\/iframe>\t\t<\/div>\n\t\t\t\t<\/div>\n\t\t\t\t<div class=\"elementor-element elementor-element-225f9fc elementor-widget elementor-widget-pdfjs-viewer\" data-id=\"225f9fc\" data-element_type=\"widget\" data-widget_type=\"pdfjs-viewer.default\">\n\t\t\t\t<div class=\"elementor-widget-container\">\n\t\t\t<iframe width=\"\" height=\"700\" src=\"https:\/\/vns.hcmussh.edu.vn\/wp-content\/plugins\/pdfjs-viewer-for-elementor\/\/assets\/js\/pdfjs\/web\/viewer.html?file=https:\/\/vns.hcmussh.edu.vn\/wp-content\/uploads\/2024\/11\/M365-NN1.pdf\"><\/iframe>\t\t<\/div>\n\t\t\t\t<\/div>\n\t\t\t\t<div class=\"elementor-element elementor-element-52409ed elementor-widget elementor-widget-pdfjs-viewer\" data-id=\"52409ed\" data-element_type=\"widget\" data-widget_type=\"pdfjs-viewer.default\">\n\t\t\t\t<div class=\"elementor-widget-container\">\n\t\t\t<iframe width=\"\" height=\"700\" src=\"https:\/\/vns.hcmussh.edu.vn\/wp-content\/plugins\/pdfjs-viewer-for-elementor\/\/assets\/js\/pdfjs\/web\/viewer.html?file=https:\/\/vns.hcmussh.edu.vn\/wp-content\/uploads\/2024\/10\/M363-NN1.pdf\"><\/iframe>\t\t<\/div>\n\t\t\t\t<\/div>\n\t\t\t\t<div class=\"elementor-element elementor-element-065ac79 elementor-widget elementor-widget-pdfjs-viewer\" data-id=\"065ac79\" data-element_type=\"widget\" data-widget_type=\"pdfjs-viewer.default\">\n\t\t\t\t<div class=\"elementor-widget-container\">\n\t\t\t<iframe width=\"\" height=\"700\" src=\"https:\/\/vns.hcmussh.edu.vn\/wp-content\/plugins\/pdfjs-viewer-for-elementor\/\/assets\/js\/pdfjs\/web\/viewer.html?file=https:\/\/vns.hcmussh.edu.vn\/wp-content\/uploads\/2024\/09\/M362-NN1.pdf\"><\/iframe>\t\t<\/div>\n\t\t\t\t<\/div>\n\t\t\t\t<div class=\"elementor-element elementor-element-a376d2b elementor-widget elementor-widget-pdfjs-viewer\" data-id=\"a376d2b\" data-element_type=\"widget\" data-widget_type=\"pdfjs-viewer.default\">\n\t\t\t\t<div class=\"elementor-widget-container\">\n\t\t\t<iframe width=\"\" height=\"700\" src=\"https:\/\/vns.hcmussh.edu.vn\/wp-content\/plugins\/pdfjs-viewer-for-elementor\/\/assets\/js\/pdfjs\/web\/viewer.html?file=https:\/\/vns.hcmussh.edu.vn\/wp-content\/uploads\/2024\/09\/M360-NN1.pdf\"><\/iframe>\t\t<\/div>\n\t\t\t\t<\/div>\n\t\t\t\t\t<\/div>\n\t\t<\/div>\n\t\t\t\t\t<\/div>\n\t\t<\/section>\n\t\t\t\t\t<\/div>\n\t\t<\/div>\n\t\t\t\t\t<\/div>\n\t\t<\/section>\n\t\t\t\t<\/div>\n\t\t","protected":false},"excerpt":{"rendered":"<p>KH\u00d3A H\u1eccC K\u1ef8 N\u0102NG NGHE &#8211; N\u00d3I B\u1ea1n \u0111\u00e3 s\u1eb5n s\u00e0ng n\u00e2ng cao kh\u1ea3 n\u0103ng giao ti\u1ebfp ti\u1ebfng Vi\u1ec7t c\u1ee7a m\u00ecnh ch\u01b0a? Kh\u00f3a h\u1ecdc K\u1ef9 N\u0103ng Nghe &#8211; N\u00f3i \u0111\u01b0\u1ee3c thi\u1ebft k\u1ebf d\u00e0nh cho c\u00e1c h\u1ecdc vi\u00ean \u0111\u00e3 ho\u00e0n th\u00e0nh \u00edt nh\u1ea5t tr\u00ecnh \u0111\u1ed9 E1 v\u00e0 mong mu\u1ed1n c\u1ea3i thi\u1ec7n kh\u1ea3 n\u0103ng giao ti\u1ebfp. Kh\u00f3a h\u1ecdc n\u00e0y s\u1ebd gi\u00fap b\u1ea1n t\u1ef1 tin giao ti\u1ebfp b\u1eb1ng ti\u1ebfng Vi\u1ec7t, t\u1eadp trung v\u00e0o c\u00e1c k\u1ef9 n\u0103ng nghe v\u00e0 n\u00f3i qua c\u00e1c ch\u1ee7 \u0111\u1ec1 th\u1ef1c ti\u1ec5n. T\u1eeb nh\u1eefng cu\u1ed9c tr\u00f2 chuy\u1ec7n h\u00e0ng ng\u00e0y \u0111\u1ebfn c\u00e1c t\u00ecnh hu\u1ed1ng giao ti\u1ebfp trang tr\u1ecdng h\u01a1n, b\u1ea1n s\u1ebd n\u1eafm v\u1eefng c\u00e1ch di\u1ec5n \u0111\u1ea1t m\u1ed9t c\u00e1ch r\u00f5 r\u00e0ng v\u00e0 t\u1ef1 nhi\u00ean. D\u01b0\u1edbi s\u1ef1 h\u01b0\u1edbng d\u1eabn c\u1ee7a c\u00e1c gi\u1ea3ng vi\u00ean gi\u00e0u kinh nghi\u1ec7m, kh\u00f3a h\u1ecdc mang \u0111\u1ebfn m\u00f4i tr\u01b0\u1eddng h\u1ecdc t\u1eadp s\u00f4i n\u1ed5i v\u00e0 t\u01b0\u01a1ng t\u00e1c, n\u01a1i b\u1ea1n c\u00f3 th\u1ec3 th\u1ef1c h\u00e0nh c\u00f9ng b\u1ea1n h\u1ecdc, nh\u1eadn ph\u1ea3n h\u1ed3i c\u00e1 nh\u00e2n, v\u00e0 c\u1ee7ng c\u1ed1 k\u1ef9 n\u0103ng giao ti\u1ebfp trong c\u00e1c t\u00ecnh hu\u1ed1ng th\u1ef1c t\u1ebf. H\u00e3y tham gia ngay \u0111\u1ec3 n\u00e2ng cao tr\u00ecnh \u0111\u1ed9 ti\u1ebfng Vi\u1ec7t c\u1ee7a b\u1ea1n v\u00e0 t\u1ef1 tin h\u01a1n trong giao ti\u1ebfp! Contact: 028-38225009 Email: vns.tttv@hcmussh.edu.vn Address: Ph\u00f2ng C002, 10-12 \u0110inh Ti\u00ean Ho\u00e0ng, P. S\u00e0i G\u00f2n (P. B\u1ebfn Ngh\u00e9, Q.1 c\u0169), TP.HCM<\/p>\n","protected":false},"author":2,"featured_media":0,"parent":0,"menu_order":0,"comment_status":"closed","ping_status":"closed","template":"","meta":{"_acf_changed":false,"footnotes":""},"class_list":["post-2972","page","type-page","status-publish","hentry"],"acf":[],"_links":{"self":[{"href":"https:\/\/vns.hcmussh.edu.vn\/index.php\/wp-json\/wp\/v2\/pages\/2972","targetHints":{"allow":["GET"]}}],"collection":[{"href":"https:\/\/vns.hcmussh.edu.vn\/index.php\/wp-json\/wp\/v2\/pages"}],"about":[{"href":"https:\/\/vns.hcmussh.edu.vn\/index.php\/wp-json\/wp\/v2\/types\/page"}],"author":[{"embeddable":true,"href":"https:\/\/vns.hcmussh.edu.vn\/index.php\/wp-json\/wp\/v2\/users\/2"}],"replies":[{"embeddable":true,"href":"https:\/\/vns.hcmussh.edu.vn\/index.php\/wp-json\/wp\/v2\/comments?post=2972"}],"version-history":[{"count":61,"href":"https:\/\/vns.hcmussh.edu.vn\/index.php\/wp-json\/wp\/v2\/pages\/2972\/revisions"}],"predecessor-version":[{"id":7121,"href":"https:\/\/vns.hcmussh.edu.vn\/index.php\/wp-json\/wp\/v2\/pages\/2972\/revisions\/7121"}],"wp:attachment":[{"href":"https:\/\/vns.hcmussh.edu.vn\/index.php\/wp-json\/wp\/v2\/media?parent=2972"}],"curies":[{"name":"wp","href":"https:\/\/api.w.org\/{rel}","templated":true}]}}