{"id":2980,"date":"2024-09-07T15:03:38","date_gmt":"2024-09-07T08:03:38","guid":{"rendered":"https:\/\/vns.hcmussh.edu.vn\/?page_id=2980"},"modified":"2026-04-06T09:14:32","modified_gmt":"2026-04-06T02:14:32","slug":"khoa-hoc-ky-nang-doc-viet","status":"publish","type":"page","link":"https:\/\/vns.hcmussh.edu.vn\/index.php\/vi\/khoa-hoc-ky-nang-doc-viet\/","title":{"rendered":"KH\u00d3A H\u1eccC K\u1ef8 N\u0102NG \u0110\u1eccC &#8211; VI\u1ebeT"},"content":{"rendered":"\t\t<div data-elementor-type=\"wp-page\" data-elementor-id=\"2980\" class=\"elementor elementor-2980\" data-elementor-post-type=\"page\">\n\t\t\t\t\t\t<section class=\"elementor-section elementor-top-section elementor-element elementor-element-706ebe0 elementor-section-boxed elementor-section-height-default elementor-section-height-default wpr-particle-no wpr-jarallax-no wpr-parallax-no wpr-sticky-section-no\" data-id=\"706ebe0\" data-element_type=\"section\">\n\t\t\t\t\t\t<div class=\"elementor-container elementor-column-gap-default\">\n\t\t\t\t\t<div class=\"elementor-column elementor-col-100 elementor-top-column elementor-element elementor-element-05c4f0c\" data-id=\"05c4f0c\" data-element_type=\"column\">\n\t\t\t<div class=\"elementor-widget-wrap elementor-element-populated\">\n\t\t\t\t\t\t<section class=\"elementor-section elementor-inner-section elementor-element elementor-element-98e70c1 elementor-section-boxed elementor-section-height-default elementor-section-height-default wpr-particle-no wpr-jarallax-no wpr-parallax-no wpr-sticky-section-no\" data-id=\"98e70c1\" data-element_type=\"section\">\n\t\t\t\t\t\t<div class=\"elementor-container elementor-column-gap-default\">\n\t\t\t\t\t<div class=\"elementor-column elementor-col-100 elementor-inner-column elementor-element elementor-element-8338727\" data-id=\"8338727\" data-element_type=\"column\">\n\t\t\t<div class=\"elementor-widget-wrap elementor-element-populated\">\n\t\t\t\t\t\t<div class=\"elementor-element elementor-element-2c8b638 elementor-widget elementor-widget-text-editor\" data-id=\"2c8b638\" data-element_type=\"widget\" data-widget_type=\"text-editor.default\">\n\t\t\t\t<div class=\"elementor-widget-container\">\n\t\t\t\t\t\t\t<h4 style=\"text-align: center;\"><strong>KH\u00d3A H\u1eccC K\u1ef8 N\u0102NG \u0110\u1eccC &#8211; VI\u1ebeT<\/strong><\/h4><p>B\u1ea1n mu\u1ed1n n\u00e2ng cao kh\u1ea3 n\u0103ng \u0111\u1ecdc v\u00e0 vi\u1ebft ti\u1ebfng Vi\u1ec7t? Kh\u00f3a h\u1ecdc K\u1ef9 N\u0103ng \u0110\u1ecdc &#8211; Vi\u1ebft \u0111\u01b0\u1ee3c thi\u1ebft k\u1ebf d\u00e0nh cho c\u00e1c h\u1ecdc vi\u00ean \u0111\u00e3 ho\u00e0n th\u00e0nh \u00edt nh\u1ea5t tr\u00ecnh \u0111\u1ed9 E1 v\u00e0 mong mu\u1ed1n c\u1ee7ng c\u1ed1 n\u1ec1n t\u1ea3ng ng\u00f4n ng\u1eef c\u1ee7a m\u00ecnh.<\/p><p>Trong kh\u00f3a h\u1ecdc n\u00e0y, b\u1ea1n s\u1ebd \u0111\u01b0\u1ee3c trang b\u1ecb v\u1ed1n t\u1eeb v\u1ef1ng v\u00e0 ng\u1eef ph\u00e1p c\u01a1 b\u1ea3n, gi\u00fap b\u1ea1n c\u1ea3i thi\u1ec7n kh\u1ea3 n\u0103ng \u0111\u1ecdc hi\u1ec3u v\u00e0 vi\u1ebft ti\u1ebfng Vi\u1ec7t. D\u00f9 b\u1ea1n mu\u1ed1n \u0111\u1ecdc hi\u1ec3u v\u0103n b\u1ea3n ti\u1ebfng Vi\u1ec7t m\u1ed9t c\u00e1ch t\u1ef1 tin h\u01a1n hay di\u1ec5n \u0111\u1ea1t \u00fd t\u01b0\u1edfng r\u00f5 r\u00e0ng qua b\u00e0i vi\u1ebft, kh\u00f3a h\u1ecdc s\u1ebd h\u01b0\u1edbng d\u1eabn b\u1ea1n t\u1eebng b\u01b0\u1edbc \u0111\u1ec3 \u0111\u1ea1t \u0111\u01b0\u1ee3c m\u1ee5c ti\u00eau.<\/p><p>V\u1edbi s\u1ef1 gi\u1ea3ng d\u1ea1y c\u1ee7a c\u00e1c gi\u00e1o vi\u00ean gi\u00e0u kinh nghi\u1ec7m, b\u1ea1n s\u1ebd tham gia v\u00e0o c\u00e1c b\u00e0i t\u1eadp th\u1ef1c h\u00e0nh gi\u00fap r\u00e8n luy\u1ec7n k\u1ef9 n\u0103ng v\u00e0 nh\u1eadn \u0111\u01b0\u1ee3c ph\u1ea3n h\u1ed3i c\u00e1 nh\u00e2n \u0111\u1ec3 ti\u1ebfn b\u1ed9 li\u00ean t\u1ee5c. Kh\u00f3a h\u1ecdc ho\u00e0n h\u1ea3o cho b\u1ea5t k\u1ef3 ai mu\u1ed1n chinh ph\u1ee5c ti\u1ebfng Vi\u1ec7t v\u00e0 \u0111\u1ea1t \u0111\u01b0\u1ee3c m\u1ee5c ti\u00eau h\u1ecdc t\u1eadp c\u1ee7a m\u00ecnh.<\/p><p>H\u00e3y \u0111\u0103ng k\u00fd ngay h\u00f4m nay \u0111\u1ec3 ti\u1ebfp t\u1ee5c h\u00e0nh tr\u00ecnh chinh ph\u1ee5c ti\u1ebfng Vi\u1ec7t!<\/p><p><img decoding=\"async\" class=\"emoji\" role=\"img\" draggable=\"false\" src=\"https:\/\/s.w.org\/images\/core\/emoji\/15.0.3\/svg\/1f4de.svg\" alt=\"\ud83d\udcde\" \/> Contact: 028-38225009<br \/><img decoding=\"async\" class=\"emoji\" role=\"img\" draggable=\"false\" src=\"https:\/\/s.w.org\/images\/core\/emoji\/15.0.3\/svg\/1f4e7.svg\" alt=\"\ud83d\udce7\" \/> Email: vns.tttv@hcmussh.edu.vn<br \/><img decoding=\"async\" class=\"emoji\" role=\"img\" draggable=\"false\" src=\"https:\/\/s.w.org\/images\/core\/emoji\/15.0.3\/svg\/1f4cd.svg\" alt=\"\ud83d\udccd\" \/> Address: Ph\u00f2ng C002, 10-12 \u0110inh Ti\u00ean Ho\u00e0ng, P. S\u00e0i G\u00f2n (P. B\u1ebfn Ngh\u00e9, Q.1 c\u0169), TP.HCM<\/p>\t\t\t\t\t\t<\/div>\n\t\t\t\t<\/div>\n\t\t\t\t<div class=\"elementor-element elementor-element-59f81fd elementor-widget elementor-widget-pdfjs-viewer\" data-id=\"59f81fd\" data-element_type=\"widget\" data-widget_type=\"pdfjs-viewer.default\">\n\t\t\t\t<div class=\"elementor-widget-container\">\n\t\t\t<iframe width=\"\" height=\"700\" src=\"https:\/\/vns.hcmussh.edu.vn\/wp-content\/plugins\/pdfjs-viewer-for-elementor\/\/assets\/js\/pdfjs\/web\/viewer.html?file=https:\/\/vns.hcmussh.edu.vn\/wp-content\/uploads\/2026\/04\/T383-DV1.pdf\"><\/iframe>\t\t<\/div>\n\t\t\t\t<\/div>\n\t\t\t\t<div class=\"elementor-element elementor-element-deb7232 elementor-widget elementor-widget-pdfjs-viewer\" data-id=\"deb7232\" data-element_type=\"widget\" data-widget_type=\"pdfjs-viewer.default\">\n\t\t\t\t<div class=\"elementor-widget-container\">\n\t\t\t<iframe width=\"\" height=\"700\" src=\"https:\/\/vns.hcmussh.edu.vn\/wp-content\/plugins\/pdfjs-viewer-for-elementor\/\/assets\/js\/pdfjs\/web\/viewer.html?file=https:\/\/vns.hcmussh.edu.vn\/wp-content\/uploads\/2026\/04\/T382-DV1.pdf\"><\/iframe>\t\t<\/div>\n\t\t\t\t<\/div>\n\t\t\t\t<div class=\"elementor-element elementor-element-9450a94 elementor-widget elementor-widget-pdfjs-viewer\" data-id=\"9450a94\" data-element_type=\"widget\" data-widget_type=\"pdfjs-viewer.default\">\n\t\t\t\t<div class=\"elementor-widget-container\">\n\t\t\t<iframe width=\"\" height=\"700\" src=\"https:\/\/vns.hcmussh.edu.vn\/wp-content\/plugins\/pdfjs-viewer-for-elementor\/\/assets\/js\/pdfjs\/web\/viewer.html?file=https:\/\/vns.hcmussh.edu.vn\/wp-content\/uploads\/2026\/04\/T380-DV1.pdf\"><\/iframe>\t\t<\/div>\n\t\t\t\t<\/div>\n\t\t\t\t<div class=\"elementor-element elementor-element-9e7ee1b elementor-widget elementor-widget-pdfjs-viewer\" data-id=\"9e7ee1b\" data-element_type=\"widget\" data-widget_type=\"pdfjs-viewer.default\">\n\t\t\t\t<div class=\"elementor-widget-container\">\n\t\t\t<iframe width=\"\" height=\"700\" src=\"https:\/\/vns.hcmussh.edu.vn\/wp-content\/plugins\/pdfjs-viewer-for-elementor\/\/assets\/js\/pdfjs\/web\/viewer.html?file=https:\/\/vns.hcmussh.edu.vn\/wp-content\/uploads\/2025\/12\/T379-DV1.pdf\"><\/iframe>\t\t<\/div>\n\t\t\t\t<\/div>\n\t\t\t\t<div class=\"elementor-element elementor-element-3250e80 elementor-widget elementor-widget-pdfjs-viewer\" data-id=\"3250e80\" data-element_type=\"widget\" data-widget_type=\"pdfjs-viewer.default\">\n\t\t\t\t<div class=\"elementor-widget-container\">\n\t\t\t<iframe width=\"\" height=\"700\" src=\"https:\/\/vns.hcmussh.edu.vn\/wp-content\/plugins\/pdfjs-viewer-for-elementor\/\/assets\/js\/pdfjs\/web\/viewer.html?file=https:\/\/vns.hcmussh.edu.vn\/wp-content\/uploads\/2025\/12\/T377-DV1.pdf\"><\/iframe>\t\t<\/div>\n\t\t\t\t<\/div>\n\t\t\t\t<div class=\"elementor-element elementor-element-edf29f7 elementor-widget elementor-widget-pdfjs-viewer\" data-id=\"edf29f7\" data-element_type=\"widget\" data-widget_type=\"pdfjs-viewer.default\">\n\t\t\t\t<div class=\"elementor-widget-container\">\n\t\t\t<iframe width=\"\" height=\"700\" src=\"https:\/\/vns.hcmussh.edu.vn\/wp-content\/plugins\/pdfjs-viewer-for-elementor\/\/assets\/js\/pdfjs\/web\/viewer.html?file=https:\/\/vns.hcmussh.edu.vn\/wp-content\/uploads\/2025\/12\/T376-DV1.pdf\"><\/iframe>\t\t<\/div>\n\t\t\t\t<\/div>\n\t\t\t\t<div class=\"elementor-element elementor-element-7343f73 elementor-widget elementor-widget-pdfjs-viewer\" data-id=\"7343f73\" data-element_type=\"widget\" data-widget_type=\"pdfjs-viewer.default\">\n\t\t\t\t<div class=\"elementor-widget-container\">\n\t\t\t<iframe width=\"\" height=\"700\" src=\"https:\/\/vns.hcmussh.edu.vn\/wp-content\/plugins\/pdfjs-viewer-for-elementor\/\/assets\/js\/pdfjs\/web\/viewer.html?file=https:\/\/vns.hcmussh.edu.vn\/wp-content\/uploads\/2025\/09\/T374-DV1.pdf\"><\/iframe>\t\t<\/div>\n\t\t\t\t<\/div>\n\t\t\t\t<div class=\"elementor-element elementor-element-caaae0f elementor-widget elementor-widget-pdfjs-viewer\" data-id=\"caaae0f\" data-element_type=\"widget\" data-widget_type=\"pdfjs-viewer.default\">\n\t\t\t\t<div class=\"elementor-widget-container\">\n\t\t\t<iframe width=\"\" height=\"700\" src=\"https:\/\/vns.hcmussh.edu.vn\/wp-content\/plugins\/pdfjs-viewer-for-elementor\/\/assets\/js\/pdfjs\/web\/viewer.html?file=https:\/\/vns.hcmussh.edu.vn\/wp-content\/uploads\/2025\/08\/T373-DV1.pdf\"><\/iframe>\t\t<\/div>\n\t\t\t\t<\/div>\n\t\t\t\t<div class=\"elementor-element elementor-element-61d9c59 elementor-widget elementor-widget-pdfjs-viewer\" data-id=\"61d9c59\" data-element_type=\"widget\" data-widget_type=\"pdfjs-viewer.default\">\n\t\t\t\t<div class=\"elementor-widget-container\">\n\t\t\t<iframe width=\"\" height=\"700\" src=\"https:\/\/vns.hcmussh.edu.vn\/wp-content\/plugins\/pdfjs-viewer-for-elementor\/\/assets\/js\/pdfjs\/web\/viewer.html?file=https:\/\/vns.hcmussh.edu.vn\/wp-content\/uploads\/2025\/08\/T371-DV1.pdf\"><\/iframe>\t\t<\/div>\n\t\t\t\t<\/div>\n\t\t\t\t<div class=\"elementor-element elementor-element-0112316 elementor-widget elementor-widget-pdfjs-viewer\" data-id=\"0112316\" data-element_type=\"widget\" data-widget_type=\"pdfjs-viewer.default\">\n\t\t\t\t<div class=\"elementor-widget-container\">\n\t\t\t<iframe width=\"\" height=\"700\" src=\"https:\/\/vns.hcmussh.edu.vn\/wp-content\/plugins\/pdfjs-viewer-for-elementor\/\/assets\/js\/pdfjs\/web\/viewer.html?file=https:\/\/vns.hcmussh.edu.vn\/wp-content\/uploads\/2025\/05\/T369-DV1.pdf\"><\/iframe>\t\t<\/div>\n\t\t\t\t<\/div>\n\t\t\t\t<div class=\"elementor-element elementor-element-e3b2910 elementor-widget elementor-widget-pdfjs-viewer\" data-id=\"e3b2910\" data-element_type=\"widget\" data-widget_type=\"pdfjs-viewer.default\">\n\t\t\t\t<div class=\"elementor-widget-container\">\n\t\t\t<iframe width=\"\" height=\"700\" src=\"https:\/\/vns.hcmussh.edu.vn\/wp-content\/plugins\/pdfjs-viewer-for-elementor\/\/assets\/js\/pdfjs\/web\/viewer.html?file=https:\/\/vns.hcmussh.edu.vn\/wp-content\/uploads\/2025\/05\/T368-DV1.pdf\"><\/iframe>\t\t<\/div>\n\t\t\t\t<\/div>\n\t\t\t\t<div class=\"elementor-element elementor-element-7ebe030 elementor-widget elementor-widget-pdfjs-viewer\" data-id=\"7ebe030\" data-element_type=\"widget\" data-widget_type=\"pdfjs-viewer.default\">\n\t\t\t\t<div class=\"elementor-widget-container\">\n\t\t\t<iframe width=\"\" height=\"700\" src=\"https:\/\/vns.hcmussh.edu.vn\/wp-content\/plugins\/pdfjs-viewer-for-elementor\/\/assets\/js\/pdfjs\/web\/viewer.html?file=https:\/\/vns.hcmussh.edu.vn\/wp-content\/uploads\/2025\/04\/T367-DV1.pdf\"><\/iframe>\t\t<\/div>\n\t\t\t\t<\/div>\n\t\t\t\t<div class=\"elementor-element elementor-element-9c0f8f2 elementor-widget elementor-widget-pdfjs-viewer\" data-id=\"9c0f8f2\" data-element_type=\"widget\" data-widget_type=\"pdfjs-viewer.default\">\n\t\t\t\t<div class=\"elementor-widget-container\">\n\t\t\t<iframe width=\"\" height=\"700\" src=\"https:\/\/vns.hcmussh.edu.vn\/wp-content\/plugins\/pdfjs-viewer-for-elementor\/\/assets\/js\/pdfjs\/web\/viewer.html?file=https:\/\/vns.hcmussh.edu.vn\/wp-content\/uploads\/2025\/03\/T365-DV1.pdf\"><\/iframe>\t\t<\/div>\n\t\t\t\t<\/div>\n\t\t\t\t<div class=\"elementor-element elementor-element-12b75f2 elementor-widget elementor-widget-pdfjs-viewer\" data-id=\"12b75f2\" data-element_type=\"widget\" data-widget_type=\"pdfjs-viewer.default\">\n\t\t\t\t<div class=\"elementor-widget-container\">\n\t\t\t<iframe width=\"\" height=\"700\" src=\"https:\/\/vns.hcmussh.edu.vn\/wp-content\/plugins\/pdfjs-viewer-for-elementor\/\/assets\/js\/pdfjs\/web\/viewer.html?file=https:\/\/vns.hcmussh.edu.vn\/wp-content\/uploads\/2025\/03\/T363-DV1.pdf\"><\/iframe>\t\t<\/div>\n\t\t\t\t<\/div>\n\t\t\t\t<div class=\"elementor-element elementor-element-a32a7d1 elementor-widget elementor-widget-pdfjs-viewer\" data-id=\"a32a7d1\" data-element_type=\"widget\" data-widget_type=\"pdfjs-viewer.default\">\n\t\t\t\t<div class=\"elementor-widget-container\">\n\t\t\t<iframe width=\"\" height=\"700\" src=\"https:\/\/vns.hcmussh.edu.vn\/wp-content\/plugins\/pdfjs-viewer-for-elementor\/\/assets\/js\/pdfjs\/web\/viewer.html?file=https:\/\/vns.hcmussh.edu.vn\/wp-content\/uploads\/2024\/12\/T362-DV1.pdf\"><\/iframe>\t\t<\/div>\n\t\t\t\t<\/div>\n\t\t\t\t<div class=\"elementor-element elementor-element-bd60c90 elementor-widget elementor-widget-pdfjs-viewer\" data-id=\"bd60c90\" data-element_type=\"widget\" data-widget_type=\"pdfjs-viewer.default\">\n\t\t\t\t<div class=\"elementor-widget-container\">\n\t\t\t<iframe width=\"\" height=\"700\" src=\"https:\/\/vns.hcmussh.edu.vn\/wp-content\/plugins\/pdfjs-viewer-for-elementor\/\/assets\/js\/pdfjs\/web\/viewer.html?file=https:\/\/vns.hcmussh.edu.vn\/wp-content\/uploads\/2024\/12\/T361-DV1.pdf\"><\/iframe>\t\t<\/div>\n\t\t\t\t<\/div>\n\t\t\t\t<div class=\"elementor-element elementor-element-3dbc85f elementor-widget elementor-widget-pdfjs-viewer\" data-id=\"3dbc85f\" data-element_type=\"widget\" data-widget_type=\"pdfjs-viewer.default\">\n\t\t\t\t<div class=\"elementor-widget-container\">\n\t\t\t<iframe width=\"\" height=\"700\" src=\"https:\/\/vns.hcmussh.edu.vn\/wp-content\/plugins\/pdfjs-viewer-for-elementor\/\/assets\/js\/pdfjs\/web\/viewer.html?file=https:\/\/vns.hcmussh.edu.vn\/wp-content\/uploads\/2024\/11\/T360-DV1.pdf\"><\/iframe>\t\t<\/div>\n\t\t\t\t<\/div>\n\t\t\t\t<div class=\"elementor-element elementor-element-8b6e2aa elementor-widget elementor-widget-pdfjs-viewer\" data-id=\"8b6e2aa\" data-element_type=\"widget\" data-widget_type=\"pdfjs-viewer.default\">\n\t\t\t\t<div class=\"elementor-widget-container\">\n\t\t\t<iframe width=\"\" height=\"700\" src=\"https:\/\/vns.hcmussh.edu.vn\/wp-content\/plugins\/pdfjs-viewer-for-elementor\/\/assets\/js\/pdfjs\/web\/viewer.html?file=https:\/\/vns.hcmussh.edu.vn\/wp-content\/uploads\/2024\/10\/T358-DV1.pdf\"><\/iframe>\t\t<\/div>\n\t\t\t\t<\/div>\n\t\t\t\t<div class=\"elementor-element elementor-element-f7dcb82 elementor-widget elementor-widget-pdfjs-viewer\" data-id=\"f7dcb82\" data-element_type=\"widget\" data-widget_type=\"pdfjs-viewer.default\">\n\t\t\t\t<div class=\"elementor-widget-container\">\n\t\t\t<iframe width=\"\" height=\"700\" src=\"https:\/\/vns.hcmussh.edu.vn\/wp-content\/plugins\/pdfjs-viewer-for-elementor\/\/assets\/js\/pdfjs\/web\/viewer.html?file=https:\/\/vns.hcmussh.edu.vn\/wp-content\/uploads\/2024\/09\/T356-DV1.pdf\"><\/iframe>\t\t<\/div>\n\t\t\t\t<\/div>\n\t\t\t\t<div class=\"elementor-element elementor-element-f153e35 elementor-widget elementor-widget-pdfjs-viewer\" data-id=\"f153e35\" data-element_type=\"widget\" data-widget_type=\"pdfjs-viewer.default\">\n\t\t\t\t<div class=\"elementor-widget-container\">\n\t\t\t<iframe width=\"\" height=\"700\" src=\"https:\/\/vns.hcmussh.edu.vn\/wp-content\/plugins\/pdfjs-viewer-for-elementor\/\/assets\/js\/pdfjs\/web\/viewer.html?file=https:\/\/vns.hcmussh.edu.vn\/wp-content\/uploads\/2024\/09\/T354-DV1.pdf\"><\/iframe>\t\t<\/div>\n\t\t\t\t<\/div>\n\t\t\t\t\t<\/div>\n\t\t<\/div>\n\t\t\t\t\t<\/div>\n\t\t<\/section>\n\t\t\t\t\t<\/div>\n\t\t<\/div>\n\t\t\t\t\t<\/div>\n\t\t<\/section>\n\t\t\t\t<\/div>\n\t\t","protected":false},"excerpt":{"rendered":"<p>KH\u00d3A H\u1eccC K\u1ef8 N\u0102NG \u0110\u1eccC &#8211; VI\u1ebeT B\u1ea1n mu\u1ed1n n\u00e2ng cao kh\u1ea3 n\u0103ng \u0111\u1ecdc v\u00e0 vi\u1ebft ti\u1ebfng Vi\u1ec7t? Kh\u00f3a h\u1ecdc K\u1ef9 N\u0103ng \u0110\u1ecdc &#8211; Vi\u1ebft \u0111\u01b0\u1ee3c thi\u1ebft k\u1ebf d\u00e0nh cho c\u00e1c h\u1ecdc vi\u00ean \u0111\u00e3 ho\u00e0n th\u00e0nh \u00edt nh\u1ea5t tr\u00ecnh \u0111\u1ed9 E1 v\u00e0 mong mu\u1ed1n c\u1ee7ng c\u1ed1 n\u1ec1n t\u1ea3ng ng\u00f4n ng\u1eef c\u1ee7a m\u00ecnh. Trong kh\u00f3a h\u1ecdc n\u00e0y, b\u1ea1n s\u1ebd \u0111\u01b0\u1ee3c trang b\u1ecb v\u1ed1n t\u1eeb v\u1ef1ng v\u00e0 ng\u1eef ph\u00e1p c\u01a1 b\u1ea3n, gi\u00fap b\u1ea1n c\u1ea3i thi\u1ec7n kh\u1ea3 n\u0103ng \u0111\u1ecdc hi\u1ec3u v\u00e0 vi\u1ebft ti\u1ebfng Vi\u1ec7t. D\u00f9 b\u1ea1n mu\u1ed1n \u0111\u1ecdc hi\u1ec3u v\u0103n b\u1ea3n ti\u1ebfng Vi\u1ec7t m\u1ed9t c\u00e1ch t\u1ef1 tin h\u01a1n hay di\u1ec5n \u0111\u1ea1t \u00fd t\u01b0\u1edfng r\u00f5 r\u00e0ng qua b\u00e0i vi\u1ebft, kh\u00f3a h\u1ecdc s\u1ebd h\u01b0\u1edbng d\u1eabn b\u1ea1n t\u1eebng b\u01b0\u1edbc \u0111\u1ec3 \u0111\u1ea1t \u0111\u01b0\u1ee3c m\u1ee5c ti\u00eau. V\u1edbi s\u1ef1 gi\u1ea3ng d\u1ea1y c\u1ee7a c\u00e1c gi\u00e1o vi\u00ean gi\u00e0u kinh nghi\u1ec7m, b\u1ea1n s\u1ebd tham gia v\u00e0o c\u00e1c b\u00e0i t\u1eadp th\u1ef1c h\u00e0nh gi\u00fap r\u00e8n luy\u1ec7n k\u1ef9 n\u0103ng v\u00e0 nh\u1eadn \u0111\u01b0\u1ee3c ph\u1ea3n h\u1ed3i c\u00e1 nh\u00e2n \u0111\u1ec3 ti\u1ebfn b\u1ed9 li\u00ean t\u1ee5c. Kh\u00f3a h\u1ecdc ho\u00e0n h\u1ea3o cho b\u1ea5t k\u1ef3 ai mu\u1ed1n chinh ph\u1ee5c ti\u1ebfng Vi\u1ec7t v\u00e0 \u0111\u1ea1t \u0111\u01b0\u1ee3c m\u1ee5c ti\u00eau h\u1ecdc t\u1eadp c\u1ee7a m\u00ecnh. H\u00e3y \u0111\u0103ng k\u00fd ngay h\u00f4m nay \u0111\u1ec3 ti\u1ebfp t\u1ee5c h\u00e0nh tr\u00ecnh chinh ph\u1ee5c ti\u1ebfng Vi\u1ec7t! Contact: 028-38225009 Email: vns.tttv@hcmussh.edu.vn Address: Ph\u00f2ng C002, 10-12 \u0110inh Ti\u00ean Ho\u00e0ng, P. S\u00e0i G\u00f2n (P. B\u1ebfn Ngh\u00e9, Q.1 c\u0169), TP.HCM<\/p>\n","protected":false},"author":2,"featured_media":0,"parent":0,"menu_order":0,"comment_status":"closed","ping_status":"closed","template":"","meta":{"_acf_changed":false,"footnotes":""},"class_list":["post-2980","page","type-page","status-publish","hentry"],"acf":[],"_links":{"self":[{"href":"https:\/\/vns.hcmussh.edu.vn\/index.php\/wp-json\/wp\/v2\/pages\/2980","targetHints":{"allow":["GET"]}}],"collection":[{"href":"https:\/\/vns.hcmussh.edu.vn\/index.php\/wp-json\/wp\/v2\/pages"}],"about":[{"href":"https:\/\/vns.hcmussh.edu.vn\/index.php\/wp-json\/wp\/v2\/types\/page"}],"author":[{"embeddable":true,"href":"https:\/\/vns.hcmussh.edu.vn\/index.php\/wp-json\/wp\/v2\/users\/2"}],"replies":[{"embeddable":true,"href":"https:\/\/vns.hcmussh.edu.vn\/index.php\/wp-json\/wp\/v2\/comments?post=2980"}],"version-history":[{"count":55,"href":"https:\/\/vns.hcmussh.edu.vn\/index.php\/wp-json\/wp\/v2\/pages\/2980\/revisions"}],"predecessor-version":[{"id":7112,"href":"https:\/\/vns.hcmussh.edu.vn\/index.php\/wp-json\/wp\/v2\/pages\/2980\/revisions\/7112"}],"wp:attachment":[{"href":"https:\/\/vns.hcmussh.edu.vn\/index.php\/wp-json\/wp\/v2\/media?parent=2980"}],"curies":[{"name":"wp","href":"https:\/\/api.w.org\/{rel}","templated":true}]}}