{"id":2996,"date":"2024-09-07T15:09:31","date_gmt":"2024-09-07T08:09:31","guid":{"rendered":"https:\/\/vns.hcmussh.edu.vn\/?page_id=2996"},"modified":"2025-09-18T14:03:20","modified_gmt":"2025-09-18T07:03:20","slug":"khoa-hoc-on-thi-nang-luc-tieng-viet","status":"publish","type":"page","link":"https:\/\/vns.hcmussh.edu.vn\/index.php\/vi\/khoa-hoc-on-thi-nang-luc-tieng-viet\/","title":{"rendered":"Kh\u00f3a h\u1ecdc \u00f4n thi n\u0103ng l\u1ef1c ti\u1ebfng Vi\u1ec7t"},"content":{"rendered":"\t\t<div data-elementor-type=\"wp-page\" data-elementor-id=\"2996\" class=\"elementor elementor-2996\" data-elementor-post-type=\"page\">\n\t\t\t\t\t\t<section class=\"elementor-section elementor-top-section elementor-element elementor-element-1c0b160 elementor-section-boxed elementor-section-height-default elementor-section-height-default wpr-particle-no wpr-jarallax-no wpr-parallax-no wpr-sticky-section-no\" data-id=\"1c0b160\" data-element_type=\"section\">\n\t\t\t\t\t\t<div class=\"elementor-container elementor-column-gap-default\">\n\t\t\t\t\t<div class=\"elementor-column elementor-col-100 elementor-top-column elementor-element elementor-element-04466f3\" data-id=\"04466f3\" data-element_type=\"column\">\n\t\t\t<div class=\"elementor-widget-wrap elementor-element-populated\">\n\t\t\t\t\t\t<section class=\"elementor-section elementor-inner-section elementor-element elementor-element-37343d6 elementor-section-boxed elementor-section-height-default elementor-section-height-default wpr-particle-no wpr-jarallax-no wpr-parallax-no wpr-sticky-section-no\" data-id=\"37343d6\" data-element_type=\"section\">\n\t\t\t\t\t\t<div class=\"elementor-container elementor-column-gap-default\">\n\t\t\t\t\t<div class=\"elementor-column elementor-col-100 elementor-inner-column elementor-element elementor-element-b011c57\" data-id=\"b011c57\" data-element_type=\"column\">\n\t\t\t<div class=\"elementor-widget-wrap elementor-element-populated\">\n\t\t\t\t\t\t<div class=\"elementor-element elementor-element-7f9c931 elementor-widget elementor-widget-text-editor\" data-id=\"7f9c931\" data-element_type=\"widget\" data-widget_type=\"text-editor.default\">\n\t\t\t\t<div class=\"elementor-widget-container\">\n\t\t\t\t\t\t\t<h4 style=\"text-align: center;\">Kh\u00f3a h\u1ecdc \u00f4n thi n\u0103ng l\u1ef1c ti\u1ebfng Vi\u1ec7t<\/h4><p>B\u1ea1n \u0111ang chu\u1ea9n b\u1ecb cho k\u1ef3 thi n\u0103ng l\u1ef1c ti\u1ebfng Vi\u1ec7t v\u00e0 mu\u1ed1n \u0111\u1ea1t k\u1ebft qu\u1ea3 t\u1ed1t nh\u1ea5t? Kh\u00f3a h\u1ecdc \u00f4n thi n\u0103ng l\u1ef1c ti\u1ebfng Vi\u1ec7t c\u1ee7a ch\u00fang t\u00f4i ch\u00ednh l\u00e0 l\u1ef1a ch\u1ecdn ho\u00e0n h\u1ea3o d\u00e0nh cho b\u1ea1n!<\/p><p>V\u1edbi ch\u01b0\u01a1ng tr\u00ecnh h\u1ecdc \u0111\u01b0\u1ee3c x\u00e2y d\u1ef1ng d\u1ef1a tr\u00ean khung n\u0103ng l\u1ef1c ti\u1ebfng Vi\u1ec7t chu\u1ea9n, b\u1ea1n s\u1ebd \u0111\u01b0\u1ee3c \u00f4n t\u1eadp \u0111\u1ea7y \u0111\u1ee7 v\u00e0 to\u00e0n di\u1ec7n c\u00e1c k\u1ef9 n\u0103ng: Nghe \u2013 \u0110\u1ecdc \u2013 N\u00f3i \u2013 Vi\u1ebft. Kh\u00f3a h\u1ecdc s\u1ebd gi\u00fap b\u1ea1n l\u00e0m quen v\u1edbi c\u1ea5u tr\u00fac \u0111\u1ec1 thi, t\u1eeb \u0111\u00f3 r\u00e8n luy\u1ec7n kh\u1ea3 n\u0103ng x\u1eed l\u00fd c\u00e1c d\u1ea1ng c\u00e2u h\u1ecfi ph\u1ee9c t\u1ea1p m\u1ed9t c\u00e1ch t\u1ef1 tin v\u00e0 hi\u1ec7u qu\u1ea3.<\/p><p>\u0110\u1eb7c bi\u1ec7t, b\u1ea1n s\u1ebd \u0111\u01b0\u1ee3c h\u01b0\u1edbng d\u1eabn chi ti\u1ebft c\u00e1ch l\u00e0m c\u00e1c \u0111\u1ec1 thi m\u1eabu t\u1eeb nh\u1eefng gi\u00e1o vi\u00ean c\u00f3 kinh nghi\u1ec7m, gi\u00fap b\u1ea1n n\u00e2ng cao kh\u1ea3 n\u0103ng ph\u00e2n t\u00edch, x\u1eed l\u00fd b\u00e0i thi nhanh ch\u00f3ng v\u00e0 ch\u00ednh x\u00e1c. Th\u00f4ng qua ph\u01b0\u01a1ng ph\u00e1p \u00f4n t\u1eadp khoa h\u1ecdc, b\u1ea1n s\u1ebd n\u1eafm v\u1eefng ki\u1ebfn th\u1ee9c v\u00e0 k\u1ef9 n\u0103ng c\u1ea7n thi\u1ebft \u0111\u1ec3 v\u01b0\u1ee3t qua k\u1ef3 thi m\u1ed9t c\u00e1ch xu\u1ea5t s\u1eafc.<\/p><p>H\u00e3y \u0111\u0103ng k\u00fd ngay h\u00f4m nay \u0111\u1ec3 chu\u1ea9n b\u1ecb t\u1ed1t nh\u1ea5t cho k\u1ef3 thi n\u0103ng l\u1ef1c ti\u1ebfng Vi\u1ec7t v\u00e0 \u0111\u1ea1t th\u00e0nh t\u00edch nh\u01b0 mong \u0111\u1ee3i!<\/p><p><img decoding=\"async\" class=\"emoji\" role=\"img\" draggable=\"false\" src=\"https:\/\/s.w.org\/images\/core\/emoji\/15.0.3\/svg\/1f4de.svg\" alt=\"\ud83d\udcde\" \/> Contact: 028-38225009<br \/><img decoding=\"async\" class=\"emoji\" role=\"img\" draggable=\"false\" src=\"https:\/\/s.w.org\/images\/core\/emoji\/15.0.3\/svg\/1f4e7.svg\" alt=\"\ud83d\udce7\" \/> Email: vns.tttv@hcmussh.edu.vn<br \/><img decoding=\"async\" class=\"emoji\" role=\"img\" draggable=\"false\" src=\"https:\/\/s.w.org\/images\/core\/emoji\/15.0.3\/svg\/1f4cd.svg\" alt=\"\ud83d\udccd\" \/> Address: Ph\u00f2ng C002, 10-12 \u0110inh Ti\u00ean Ho\u00e0ng, P. S\u00e0i G\u00f2n (P. B\u1ebfn Ngh\u00e9, Q.1 c\u0169), TP.HCM<\/p>\t\t\t\t\t\t<\/div>\n\t\t\t\t<\/div>\n\t\t\t\t<div class=\"elementor-element elementor-element-3cde049 elementor-widget elementor-widget-pdfjs-viewer\" data-id=\"3cde049\" data-element_type=\"widget\" data-widget_type=\"pdfjs-viewer.default\">\n\t\t\t\t<div class=\"elementor-widget-container\">\n\t\t\t<iframe width=\"\" height=\"700\" src=\"https:\/\/vns.hcmussh.edu.vn\/wp-content\/plugins\/pdfjs-viewer-for-elementor\/\/assets\/js\/pdfjs\/web\/viewer.html?file=https:\/\/vns.hcmussh.edu.vn\/wp-content\/uploads\/2025\/02\/VN_TB-moloponthi-NLTV-March2025.pdf\"><\/iframe>\t\t<\/div>\n\t\t\t\t<\/div>\n\t\t\t\t<div class=\"elementor-element elementor-element-dfbca07 elementor-widget elementor-widget-pdfjs-viewer\" data-id=\"dfbca07\" data-element_type=\"widget\" data-widget_type=\"pdfjs-viewer.default\">\n\t\t\t\t<div class=\"elementor-widget-container\">\n\t\t\t<iframe width=\"\" height=\"700\" src=\"https:\/\/vns.hcmussh.edu.vn\/wp-content\/plugins\/pdfjs-viewer-for-elementor\/\/assets\/js\/pdfjs\/web\/viewer.html?file=https:\/\/vns.hcmussh.edu.vn\/wp-content\/uploads\/2024\/10\/1-TB_Moloponthi_NLTV-Nov2024_VN.pdf\"><\/iframe>\t\t<\/div>\n\t\t\t\t<\/div>\n\t\t\t\t\t<\/div>\n\t\t<\/div>\n\t\t\t\t\t<\/div>\n\t\t<\/section>\n\t\t\t\t\t<\/div>\n\t\t<\/div>\n\t\t\t\t\t<\/div>\n\t\t<\/section>\n\t\t\t\t<\/div>\n\t\t","protected":false},"excerpt":{"rendered":"<p>Kh\u00f3a h\u1ecdc \u00f4n thi n\u0103ng l\u1ef1c ti\u1ebfng Vi\u1ec7t B\u1ea1n \u0111ang chu\u1ea9n b\u1ecb cho k\u1ef3 thi n\u0103ng l\u1ef1c ti\u1ebfng Vi\u1ec7t v\u00e0 mu\u1ed1n \u0111\u1ea1t k\u1ebft qu\u1ea3 t\u1ed1t nh\u1ea5t? Kh\u00f3a h\u1ecdc \u00f4n thi n\u0103ng l\u1ef1c ti\u1ebfng Vi\u1ec7t c\u1ee7a ch\u00fang t\u00f4i ch\u00ednh l\u00e0 l\u1ef1a ch\u1ecdn ho\u00e0n h\u1ea3o d\u00e0nh cho b\u1ea1n! V\u1edbi ch\u01b0\u01a1ng tr\u00ecnh h\u1ecdc \u0111\u01b0\u1ee3c x\u00e2y d\u1ef1ng d\u1ef1a tr\u00ean khung n\u0103ng l\u1ef1c ti\u1ebfng Vi\u1ec7t chu\u1ea9n, b\u1ea1n s\u1ebd \u0111\u01b0\u1ee3c \u00f4n t\u1eadp \u0111\u1ea7y \u0111\u1ee7 v\u00e0 to\u00e0n di\u1ec7n c\u00e1c k\u1ef9 n\u0103ng: Nghe \u2013 \u0110\u1ecdc \u2013 N\u00f3i \u2013 Vi\u1ebft. Kh\u00f3a h\u1ecdc s\u1ebd gi\u00fap b\u1ea1n l\u00e0m quen v\u1edbi c\u1ea5u tr\u00fac \u0111\u1ec1 thi, t\u1eeb \u0111\u00f3 r\u00e8n luy\u1ec7n kh\u1ea3 n\u0103ng x\u1eed l\u00fd c\u00e1c d\u1ea1ng c\u00e2u h\u1ecfi ph\u1ee9c t\u1ea1p m\u1ed9t c\u00e1ch t\u1ef1 tin v\u00e0 hi\u1ec7u qu\u1ea3. \u0110\u1eb7c bi\u1ec7t, b\u1ea1n s\u1ebd \u0111\u01b0\u1ee3c h\u01b0\u1edbng d\u1eabn chi ti\u1ebft c\u00e1ch l\u00e0m c\u00e1c \u0111\u1ec1 thi m\u1eabu t\u1eeb nh\u1eefng gi\u00e1o vi\u00ean c\u00f3 kinh nghi\u1ec7m, gi\u00fap b\u1ea1n n\u00e2ng cao kh\u1ea3 n\u0103ng ph\u00e2n t\u00edch, x\u1eed l\u00fd b\u00e0i thi nhanh ch\u00f3ng v\u00e0 ch\u00ednh x\u00e1c. Th\u00f4ng qua ph\u01b0\u01a1ng ph\u00e1p \u00f4n t\u1eadp khoa h\u1ecdc, b\u1ea1n s\u1ebd n\u1eafm v\u1eefng ki\u1ebfn th\u1ee9c v\u00e0 k\u1ef9 n\u0103ng c\u1ea7n thi\u1ebft \u0111\u1ec3 v\u01b0\u1ee3t qua k\u1ef3 thi m\u1ed9t c\u00e1ch xu\u1ea5t s\u1eafc. H\u00e3y \u0111\u0103ng k\u00fd ngay h\u00f4m nay \u0111\u1ec3 chu\u1ea9n b\u1ecb t\u1ed1t nh\u1ea5t cho k\u1ef3 thi n\u0103ng l\u1ef1c ti\u1ebfng Vi\u1ec7t v\u00e0 \u0111\u1ea1t th\u00e0nh t\u00edch nh\u01b0 mong \u0111\u1ee3i! Contact: 028-38225009 Email: vns.tttv@hcmussh.edu.vn Address: Ph\u00f2ng C002, 10-12 \u0110inh Ti\u00ean Ho\u00e0ng, P. S\u00e0i G\u00f2n (P. B\u1ebfn Ngh\u00e9, Q.1 c\u0169), TP.HCM<\/p>\n","protected":false},"author":2,"featured_media":0,"parent":0,"menu_order":0,"comment_status":"closed","ping_status":"closed","template":"","meta":{"_acf_changed":false,"footnotes":""},"class_list":["post-2996","page","type-page","status-publish","hentry"],"acf":[],"_links":{"self":[{"href":"https:\/\/vns.hcmussh.edu.vn\/index.php\/wp-json\/wp\/v2\/pages\/2996","targetHints":{"allow":["GET"]}}],"collection":[{"href":"https:\/\/vns.hcmussh.edu.vn\/index.php\/wp-json\/wp\/v2\/pages"}],"about":[{"href":"https:\/\/vns.hcmussh.edu.vn\/index.php\/wp-json\/wp\/v2\/types\/page"}],"author":[{"embeddable":true,"href":"https:\/\/vns.hcmussh.edu.vn\/index.php\/wp-json\/wp\/v2\/users\/2"}],"replies":[{"embeddable":true,"href":"https:\/\/vns.hcmussh.edu.vn\/index.php\/wp-json\/wp\/v2\/comments?post=2996"}],"version-history":[{"count":22,"href":"https:\/\/vns.hcmussh.edu.vn\/index.php\/wp-json\/wp\/v2\/pages\/2996\/revisions"}],"predecessor-version":[{"id":6519,"href":"https:\/\/vns.hcmussh.edu.vn\/index.php\/wp-json\/wp\/v2\/pages\/2996\/revisions\/6519"}],"wp:attachment":[{"href":"https:\/\/vns.hcmussh.edu.vn\/index.php\/wp-json\/wp\/v2\/media?parent=2996"}],"curies":[{"name":"wp","href":"https:\/\/api.w.org\/{rel}","templated":true}]}}